hat is the hundreds digit of 111526070?
0
What is the hundreds digit of 114046927?
9
What is the hundred millions digit of 3375794104?
3
What is the ten millions digit of 33079641?
3
What is the hundreds digit of 46813761?
7
What is the hundred thousands digit of 2436714190?
7
What is the hundreds digit of 121780869?
8
What is the ten thousands digit of 1015615636?
1
What is the thousands digit of 1267893386?
3
What is the ten thousands digit of 856297977?
9
What is the ten millions digit of 287730659?
8
What is the tens digit of 60850937?
3
What is the tens digit of 646314512?
1
What is the thousands digit of 114781072?
1
What is the hundreds digit of 2696846126?
1
What is the tens digit of 15506711?
1
What is the units digit of 1232335401?
1
What is the hundred millions digit of 949058380?
9
What is the hundred thousands digit of 59648268?
6
What is the hundred thousands digit of 4636923?
6
What is the units digit of 84864015?
5
What is the thousands digit of 49422750?
2
What is the units digit of 1389977499?
9
What is the ten millions digit of 202083116?
0
What is the hundred thousands digit of 291905574?
9
What is the millions digit of 85205489?
5
What is the ten millions digit of 55817174?
5
What is the hundred millions digit of 7575816554?
5
What is the hundreds digit of 5082319066?
0
What is the hundreds digit of 263401754?
7
What is the hundred thousands digit of 426207389?
2
What is the units digit of 858351399?
9
What is the hundreds digit of 60582365?
3
What is the hundred millions digit of 904377993?
9
What is the units digit of 318470496?
6
What is the tens digit of 177955753?
5
What is the millions digit of 101737334?
1
What is the units digit of 3806062542?
2
What is the tens digit of 1495011915?
1
What is the hundred thousands digit of 25671154?
6
What is the units digit of 7211006570?
0
What is the hundreds digit of 4918131403?
4
What is the thousands digit of 357712413?
2
What is the tens digit of 536275757?
5
What is the thousands digit of 1312439764?
9
What is the ten millions digit of 429358924?
2
What is the tens digit of 218688403?
0
What is the ten millions digit of 645200831?
4
What is the hundred thousands digit of 474158387?
1
What is the millions digit of 150640646?
0
What is the hundred millions digit of 846422541?
8
What is the hundred millions digit of 147030206?
1
What is the millions digit of 432436441?
2
What is the ten thousands digit of 1714658279?
5
What is the hundreds digit of 1935757373?
3
What is the tens digit of 4133239204?
0
What is the units digit of 1441667089?
9
What is the tens digit of 78427539?
3
What is the tens digit of 98856922?
2
What is the ten millions digit of 519945041?
1
What is the hundreds digit of 369570802?
8
What is the hundreds digit of 4483435477?
4
What is the hundred thousands digit of 2138935419?
9
What is the hundred millions digit of 3824286676?
8
What is the hundreds digit of 27194870?
8
What is the hundred millions digit of 5907308928?
9
What is the tens digit of 937730074?
7
What is the ten thousands digit of 165914967?
1
What is the units digit of 8913458?
8
What is the units digit of 16677091?
1
What is the units digit of 285363744?
4
What is the ten millions digit of 93173478?
9
What is the hundred millions digit of 135894077?
1
What is the ten thousands digit of 594408048?
0
What is the ten millions digit of 1924475621?
2
What is the hundreds digit of 124492553?
5
What is the ten thousands digit of 64298967?
9
What is the billions digit of 1644683257?
1
What is the hundreds digit of 7766306?
3
What is the ten millions digit of 815059482?
1
What is the thousands digit of 158340994?
0
What is the hundred thousands digit of 4385223767?
2
What is the millions digit of 490705575?
0
What is the ten thousands digit of 34864413?
6
What is the units digit of 918471351?
1
What is the billions digit of 1299738822?
1
What is the millions digit of 654187447?
4
What is the units digit of 3440516293?
3
What is the thousands digit of 3949157537?
7
What is the tens digit of 1421045378?
7
What is the thousands digit of 1684591241?
1
What is the billions digit of 1819710419?
1
What is the millions digit of 1084865634?
4
What is the hundred millions digit of 143139247?
1
What is the hundred thousands digit of 8219800?
2
What is the ten millions digit of 1503273903?
0
What is the ten millions digit of 313403778?
1
What is the thousands digit of 5572289218?
9
What is the ten millions digit of 856929625?
5
What is the hundred thousands digit of 113779865?
7
What is the ten thousands digit of 154257659?
5
What is the tens digit of 330398679?
7
What is the ten millions digit of 294215955?
9
What is the units digit of 98231358?
8
What is the thousands digit of 4941691829?
1
What is the ten thousands digit of 91561509?
6
What is the hundred thousands digit of 51113366?
1
What is the units digit of 39290856?
6
What is the hundreds digit of 21929902?
9
What is the ten millions digit of 556335233?
5
What is the ten thousands digit of 4073750821?
5
What is the hundred thousands digit of 12879846?
8
What is the units digit of 3635053150?
0
What is the tens digit of 33459146?
4
What is the ten millions digit of 140021141?
4
What is the ten thousands digit of 1773985567?
8
What is the millions digit of 25546258?
5
What is the ten thousands digit of 53372373?
7
What is the tens digit of 143296774?
7
What is the millions digit of 1171883783?
1
What is the units digit of 37503709?
9
What is the hundred thousands digit of 33946926?
9
What is the millions digit of 3256958371?
6
What is the ten thousands digit of 216589812?
8
What is the hundreds digit of 207712843?
8
What is the units digit of 625461171?
1
What is the units digit of 34470233?
3
What is the hundred thousands digit of 39771978?
7
What is the thousands digit of 480075143?
5
What is the thousands digit of 4052441?
2
What is the units digit of 5072820?
0
What is the units digit of 20729115?
5
What is the hundreds digit of 13247282?
2
What is the millions digit of 28953962?
8
What is the units digit of 41972768?
8
What is the units digit of 395765879?
9
What is the hundreds digit of 21893187?
1
What is the thousands digit of 633555942?
5
What is the units digit of 70812451?
1
What is the hundred thousands digit of 46489740?
4
What is the millions digit of 238199263?
8
What is the hundreds digit of 2477596887?
8
What is the millions digit of 141781320?
1
What is the ten thousands digit of 31199656?
9
What is the millions digit of 329217878?
9
What is the hundred millions digit of 1230211237?
2
What is the millions digit of 1156262161?
6
What is the units digit of 1729616732?
2
What is the thousands digit of 2590812952?
2
What is the units digit of 589612813?
3
What is the thousands digit of 29467318?
7
What is the tens digit of 760644578?
7
What is the hundred millions digit of 6070631266?
0
What is the millions digit of 66427570?
6
What is the tens digit of 38035754?
5
What is the ten millions digit of 2664762017?
6
What is the tens digit of 1608480926?
2
What is the units digit of 2751255741?
1
What is the ten thousands digit of 30579781?
7
What is the hundred millions digit of 289150898?
2
What is the thousands digit of 67889889?
9
What is the thousands digit of 898837213?
7
What is the hundred thousands digit of 92330487?
3
What is the units digit of 899439500?
0
What is the tens digit of 111220527?
2
What is the millions digit of 111419481?
1
What is the hundreds digit of 112619139?
1
What is the hundred thousands digit of 322693390?
6
What is the millions digit of 12387672?
2
What is the hundreds digit of 916686635?
6
What is the billions digit of 4355688037?
4
What is the millions digit of 1541835014?
1
What is the units digit of 17250590?
0
What is the hundreds digit of 156854423?
4
What is the hundreds digit of 1263048166?
1
What is the hundreds digit of 12521376?
3
What is the tens digit of 425872494?
9
What is the tens digit of 494358037?
3
What is the units digit of 7215077128?
8
What is the ten millions digit of 179100591?
7
What is the thousands digit of 955481575?
1
What is the units digit of 3334778386?
6
What is the hundreds digit of 211204178?
1
What is the ten thousands digit of 744522519?
2
What is the hundred millions d